k) - 3*o(k). Let b(r) = -r**2 - 54*r + 235. Let d be b(-58). Calculate q(d).
3
Let l be (-3 - 18/(-6)) + -2 + 5. Let t(n) = -5*n - 1. Calculate t(l).
-16
Let w(z) = z**2 - 9*z + 5. Let j be w(8). Let g(b) be the second derivative of b**5/20 + b**4/6 + b**3/3 + 2*b. What is g(j)?
-15
Let n(w) = 1 + 7 + w**3 - 16 + 2*w - 3 + 13*w**2 - 3*w. Give n(-13).
2
Suppose -92*r = -93*r - 1. Let k(s) = 5*s**2 - 3*s**2 - 8*s**2. Determine k(r).
-6
Let n = -25 + 36. Suppose -4*u + n = -2*x + 43, 4*u = -2*x. Let b = x - 3. Let l(i) = i**3 - 4*i**2 - 5*i - 5. Calculate l(b).
-5
Let u(k) = -11*k + 6. Let x(f) = -18*f + 11. Let c(z) = -5*u(z) + 3*x(z). Let p = -3 - -6. Suppose r + p = -0*r. Calculate c(r).
0
Let d(f) = f - 7. Let b be d(6). Let c = -57 - -74. Let i(u) = c - u**2 + 7*u**3 - 5 - 11. Give i(b).
-7
Let s(d) = 3*d + 20. Let f be s(-6). Let k(g) = -15*g**3 - f*g + 6*g**3 + 5*g**2 + 6 + 8*g**3. Calculate k(5).
-4
Let c(t) = 10*t - 7. Let i be (-94 - -96)*2/2. Calculate c(i).
13
Suppose s - 2*s + 1 = 0. Let w(i) = 17 + 4 - 14 - 6 - 13*i. Give w(s).
-12
Suppose -2*v + 2*g + 8 = 0, 5*g + 1 = 3*v - 9. Let i(n) = -10*n + 8*n + 13 + 5*n - v. Calculate i(6).
26
Let u = 16 + -11. Suppose 0 = 14*s - u*s + 45. Let i(g) = 4*g - g - g**3 + 7 - 4*g**2 + 3*g. Calculate i(s).
2
Let k(j) = -2*j + 1. Let t(u) be the third derivative of u**5/15 - u**4/24 - 8*u**2. Let f be t(-1). What is k(f)?
-9
Let y be (-230)/(-35) - 6/(-14). Suppose 3 - y = 2*d - 5*h, -5 = -5*d + 5*h. Let r(a) = -a**2 + 4*a. Determine r(d).
3
Let m(f) = -20*f**3 - f - 1. Suppose 0 = 13*k - 15*k - 2. Give m(k).
20
Let z(r) be the first derivative of r**4/4 - r**3 + 3*r**2/2 - 2*r - 2. Suppose -2*a = s - 4, -2*s + 3*a - 388 = -389. Determine z(s).
0
Let m = 393 - 399. Let d(a) = a**3 + 7*a**2 + 8*a + 1. Give d(m).
-11
Let f(i) = -4*i. Suppose -19 - 11 = -10*n. Calculate f(n).
-12
Let k(l) be the first derivative of 5*l**3/3 + 3*l**2/2 - 2*l - 25. Let h(v) = -11*v**2 - 7*v + 5. Let m(g) = -6*h(g) - 13*k(g). What is m(-5)?
6
Let g(c) be the first derivative of c**2/2 + 2. Let r = 37 + -28. Suppose -r + 0 = 9*w. Give g(w).
-1
Let n = 873 - 878. Let q(x) = x**2 + 3*x. What is q(n)?
10
Let h(d) = d**2 + 9*d + 6. Let i(j) = -4*j**2 + 2. Let v be i(-1). Let n be v/(-11) + (-2 - (-92)/(-22)). Calculate h(n).
-12
Let t(g) = g**3 + 12*g**2 + 32*g + 6. Suppose 0 = -i + 2, 8*a + 2*i = 11*a + 28. Determine t(a).
6
Let t be -2*5*1/(-2). Suppose 2*z = -2*h - 0*z - 6, 6 = -t*h + 4*z. Let u(j) = j**2 - 2. Let r be u(h). Let v(d) = 2*d**2 - 2*d + 1. Calculate v(r).
5
Let v(z) = 22*z - 2 + 26*z + z**2 - 44*z. Calculate v(-6).
10
Let t(x) = -x**3 - 4*x**2 + 4*x + 2. Let q(w) = w**3 + 6*w**2 - 10*w - 20. Let h be q(-7). Let v(d) = -5*d**2 - 4*d + 4. Let y be v(h). Determine t(y).
7
Let z(c) = -c - 3. Suppose q - 5*i = -15, -4*q - 2 + 6 = -4*i. Suppose -6 = q*t - 31. Suppose 5*m = t*n + 10, -3*m - 4 + 34 = 3*n. Give z(m).
-9
Let j(c) = c + 3. Let x be j(0). Suppose -x = g - 4. Let n(p) = 14392 - p + 11*p**2 - 14392. Calculate n(g).
10
Let p(w) be the third derivative of -w**4/24 - 4*w**3/3 - 188*w**2 - 3*w. Suppose l - 3*z + 21 = 0, -3*l + 3*z = 22 + 11. Calculate p(l).
-2
Let z(h) = -2*h**2 + 3*h - 6. Let x(t) = 3*t**2 - 5*t + 12. Let l(b) = 3*x(b) + 5*z(b). Let a(f) = f**2 + 2*f. Let s be a(-2). Give l(s).
6
Let z(o) = -5*o - 1. Let q(t) = 3*t**2 + t. Let d(s) = 5*q(s) + z(s). Determine d(1).
14
Let v(h) = 7*h**3 + 15*h**2 - 8*h - 3. Let r(c) = 15*c**3 + 31*c**2 - 17*c - 5. Let j(q) = -6*r(q) + 13*v(q). Let u be (-1 + 24/(-12))*3. Give j(u).
9
Let d(q) = -2*q**3 + 16*q**2 + 10*q + 22. Let a(t) = -t**3 + 8*t**2 + 6*t + 12. Let u(k) = -7*a(k) + 4*d(k). Give u(7).
39
Let n = 235 + -233. Let c(m) be the first derivative of n*m - 1/3*m**3 + 3 + 1/2*m**2. Give c(0).
2
Suppose -f - f = -6. Let m be (f/6)/(7/42). Suppose 2 = -j - m. Let k(z) = -z**2 - 4*z + 6. Calculate k(j).
1
Let n(z) be the third derivative of -z**5/60 - z**4/8 + 5*z**3/2 + 24*z**2. Let q(r) be the first derivative of n(r). What is q(-2)?
1
Let f = -4 + -1. Let g(s) be the second derivative of -s**4/12 - s**3/2 - 7*s**2/2 + s. Let c(r) be the first derivative of g(r). What is c(f)?
7
Suppose 1 + 3 = 2*l. Let y(a) = -2*a + 3 - l + 10*a - a. What is y(-1)?
-6
Let z(q) = -q - 2. Let v be z(0). Let p(l) be the third derivative of l**6/120 + l**5/60 + l**4/24 + 40*l**2. What is p(v)?
-6
Let r(c) = 17*c + 5. Let q(i) be the third derivative of -i**4/4 - i**3/3 - 4*i**2. Let j(o) = 11*q(o) + 4*r(o). Determine j(-3).
-8
Let y(w) = w**3 - 9*w**2 - w + 6. Let i(b) = b**3 - 9*b**2 - 34*b - 15. Let k be i(12). What is y(k)?
-3
Let s(h) = -3*h**2 - h + 2. Let g(c) = -13*c**2 - 5*c + 9. Let a(b) = 2*g(b) - 9*s(b). Let y = 49 + -39. Suppose y*r - 12*r + 6 = 0. What is a(r)?
6
Let p = -8 - -5. Let g(z) = -7*z**3 - 4*z**2 - 4*z - 1. Let n(c) = 24*c**3 + 14*c**2 + 14*c + 4. Let k(w) = -17*g(w) - 5*n(w). Determine k(p).
12
Let m(r) be the first derivative of 3*r**2/2 + 5*r - 115. What is m(0)?
5
Suppose 215 = -9*a + 98. Let i(m) = -1 - 6 - 3*m**2 + 4*m**2 + 13*m. Calculate i(a).
-7
Let g(w) = -10*w + 1. Let y(h) = 8*h + 67. Let j be y(-8). Suppose -15*q = -j*q + 12. What is g(q)?
11
Let b(y) = y**3 - 11*y**2 - 8*y + 178. Let r be b(10). Let p(z) = -z**3 - z**2 - z + 3. Let l(s) = -s. Let c(f) = 4*l(f) - p(f). Give c(r).
-1
Let g(k) = -k**2 - 4*k + 4. Let f be g(-5). Let j(s) be the first derivative of s**4/4 - s**3/6 - 6*s + 3. Let r(a) be the first derivative of j(a). Give r(f).
4
Let o(q) be the first derivative of q**3/3 - q**2 - 4*q + 101. Give o(0).
-4
Let u be ((1 - 3) + 1)*-2. Suppose -3*o + 10 = u*o. Let l(f) be the first derivative of -f**3/3 + 3*f**2/2 - f - 1. Calculate l(o).
1
Suppose r + 3*y - 7 = 0, 6 = 2*r + 3*y - 5*y. Let c(x) = 3*x + 0*x - r*x - 2. Let j = 29 - 31. What is c(j)?
0
Let x(k) = -k**2 - 8*k + 3. Let c(i) = i**3 - 7*i**2 + 8*i - 15. Let j be c(5). Let a = -33 - j. Calculate x(a).
3
Let p(d) = d**3 + 5*d**2 - 6*d. Let a be p(-6). Let n(k) = -1 + a*k**3 + 0 - 2*k + k**3 - k**2 + 0*k. Suppose 0*g = -6*g - 6. Calculate n(g).
-1
Let t(g) = -1. Let b(m) = -2*m - 8. Let n(s) = -b(s) + 12*t(s). Let o be (-9 - -7)*7/(-2). Determine n(o).
10
Let r(h) = -h**2 - 5*h - 4. Let m be (0 - 6) + (-8)/(-2). Let o be r(m). Let j(t) = 2*t**3 - 2*t**2 + 2. What is j(o)?
10
Let g(p) = -p + 4. Let b(k) = 2 + 3 - 6. Let u(w) = 11*b(w) + 4*g(w). Determine u(4).
-11
Let j(w) = w**3 - 3*w**2 - 5*w. Let d(q) = -3*q - 18. Let m be d(-8). Suppose -m*t = -17 - 7. Calculate j(t).
-4
Let i(w) = -w - 9. Let r be i(-12). Let y(j) = -r + 2*j - 2 - 4 - 4*j. Let z = 7 - 14. Determine y(z).
5
Let t(i) = i. Let k(x) be the second derivative of -7*x**4/4 - 2*x**3/3 + x**2/2 - 20*x. Let j(d) = -k(d) - 2*t(d). Determine j(1).
22
Let q(l) = 3*l**3 - 29*l**2 + 5*l - 37. Let r(t) = t**3 - 10*t**2 + 2*t - 13. Let y(j) = 4*q(j) - 11*r(j). What is y(5)?
-40
Let t(p) = -7*p**2 - 4*p - 3. Suppose -5*x + 5*k = -4 + 34, 0 = 5*x + k. Determine t(x).
-6
Let b(o) = 2*o - 1. Let t(w) = 13*w + 1. Let l(n) = -6*b(n) + t(n). Let p(x) = -7*x + 1. Let h be p(1). Calculate l(h).
1
Let f(g) = 14*g**2 + 2*g + 2. Let l be (-1)/((2/12)/(1/3)). Calculate f(l).
54
Let c(f) = f**2 - f**3 - 6 - 8*f**2 - 10 - 10*f + 9. Determine c(-6).
17
Let l(k) be the first derivative of -k**3/3 + 7*k**2/2 + 16*k - 4. Let d be l(9). Let a(t) = -2*t**2 - t**3 - 2*t - t**2 - 2*t**2. Determine a(d).
-8
Suppose 9 = -o + 11. Suppose -9 = -3*n + l, 0 = -3*n + o*l + l + 9. Let v(x) = -5*x**2 - 2*x**3 - 3*x + 0*x - 1 + x**n. Calculate v(-3).
-10
Suppose -9*i = 10 - 1. Let w(y) = y - 3*y**2 + 1 - 3*y**2 + 2*y**2. Calculate w(i).
-4
Let i(g) be the first derivative of g**2/2 - 6*g - 11. Let b be i(3). Let y(o) = o**3 + 2*o**2 - 4*o - 3. Determine y(b).
0
Let y = -10 + 13. Let q(c) = c - 4. Let t be q(y). Let a(r) = -5*r**2 + r + 1. Calculate a(t).
-5
Let f(a) = 9*a**2 + 27*a - 28. Let c be f(1). Let g(v) = -v**3 + 9*v**2 - 7*v - 4. Give g(c).
4
Let v(d) = -3. Let a(r) = r + 14. Let k(h) = a(h) + 6*v(h). What is k(9)?
5
Let t(o) = o + 1. Let x(a) = 4*a + 3. Let z(y) = 18*t(y) - 4*x(y). Suppose -30 = -8*d + 3*d. Give z(d).
18
Let u(p) = p**2 - p - 1. Let d(f) = f**3 + 0*f - 2*f**2 - 5 - 2*f**2 + f. Suppose -a - 4*y + 28 = a, -4*a - 4*y = -36